 = -m. What is the tens digit of i?
3
Let b = -92 + 61. Let f = b + 36. What is the units digit of f?
5
Let h(g) = g**3 + 34*g**2 + 3*g + 100. Let o be h(-34). Let w(l) = -2*l**3 - 2*l**2 + 3*l + 1. Let j be w(-3). Let r = j - o. What is the tens digit of r?
3
Let q = -27 - 31. What is the units digit of (-6)/(-4)*((-4)/1 - q)?
1
Let p = 15 - -46. Suppose 3*c = 95 + p. What is the tens digit of c?
5
Let b(n) = 124*n**3 + 7*n**2 - 2*n + 3. What is the hundreds digit of b(3)?
4
Let w = 124 - 73. Let g(f) = 2*f**2 + 12*f + 8. Let m be g(-7). Let v = w - m. What is the tens digit of v?
2
Let d(l) = l**3 - 3*l**2 - 8*l + 4. Let s be d(5). Suppose -39 + s = -5*v. Suppose 82 = v*c - 138. What is the tens digit of c?
4
What is the tens digit of (2424/(-60))/(2/(-205)) + -4?
3
Let b(x) = -2*x**2 + 16*x + 4. Let v be b(8). Suppose -6 = -g + 211. Suppose 5*s + 0*i + 2*i = g, 5*i = -v*s + 177. What is the units digit of s?
3
What is the thousands digit of (2246 - 47)*(2 + (-2)/2)?
2
Let h = 3138 - 1604. What is the hundreds digit of h?
5
Let a(y) = -25*y + 2. Let f be a(-11). Let j = f - 198. What is the tens digit of j?
7
Suppose -2*f - 307 = -787. Suppose 2*i - 3*p = -i + f, -p = -2*i + 157. What is the tens digit of i?
7
Let w(c) = 202*c**2 + 36*c + 159. What is the thousands digit of w(-4)?
3
Let p(z) = -10*z**2 - z - 1. Let o be p(-6). What is the tens digit of -3*1*(-4)/((-60)/o)?
7
Let y = -574 + 2070. What is the thousands digit of y?
1
Suppose 2*t - 37 = -5*k, -3*k + 43 = -0*k - 4*t. Suppose -5*y + u = -154, u + k = -3*y + 95. Suppose -4*s + y = -62. What is the tens digit of s?
2
Suppose 1119 = 5*o - 2*b, 4*b - 168 - 47 = -o. Suppose -3*s + 3*u - 5*u - o = 0, 0 = -s + u - 71. Let z = 103 + s. What is the units digit of z?
0
What is the hundreds digit of ((-9)/6 - 0)*(-8348)/6?
0
Let c(s) = s**3 + 14*s**2 - 18*s + 7. Let w be c(-15). Suppose -k + w = d + 3*k, 116 = 2*d + 2*k. What is the tens digit of d?
6
Suppose 14*k = 1053 + 2013. What is the hundreds digit of k?
2
Let n(j) = 182*j + 254. What is the units digit of n(7)?
8
Let m(h) = 622*h**3 + 2*h**2 - 6*h + 4. What is the units digit of m(1)?
2
Let x(c) = c**3 + 24*c**2 + 2*c - 105. What is the units digit of x(-9)?
2
Let c = -2304 + 3365. What is the tens digit of c?
6
Let n be (-56)/(-70)*290/4. Suppose -62*i + 612 = -n*i. What is the units digit of i?
3
What is the tens digit of (-338)/(-3) + (5 - (-42)/(-9))?
1
Let f = -621 + 1251. What is the tens digit of f?
3
Suppose -20*z = 23*z - 45881. What is the thousands digit of z?
1
Let g be 8/(4/12 + 1/(-6)). Let i = -28 + g. What is the units digit of i?
0
Suppose -3*p + 1783 = -0*p - 4*f, 3*p - 1823 = -4*f. What is the hundreds digit of p?
6
Let d(v) = 4*v - 20. Let k be d(6). Suppose -4*s - k = 4*c, 3*s + 10 + 2 = 0. Suppose -c*o + 101 + 1 = 0. What is the tens digit of o?
3
Suppose -32 = -5*d - 3*a, 3*a = a + 8. Suppose k + k - d = 0, -5*k + 534 = 2*r. What is the hundreds digit of r?
2
Let y = -124 + 123. Let k(z) = -134*z + 4. What is the tens digit of k(y)?
3
Suppose 3*a = 119 - 14. Let y be (a/(-20))/((-2)/(-56)). Let m = y - -89. What is the units digit of m?
0
Suppose 0 = -2*o + 33 + 15. Let k = o - 18. Suppose x + 75 = k*x. What is the tens digit of x?
1
Let a(p) = -3*p**2 + 0*p**2 + 2*p**2. Let o(y) = -y**3 - 13*y**2 + 8*y + 4. Let r(j) = -5*a(j) + o(j). What is the tens digit of r(-9)?
1
Let y(l) = 4*l**2 + 2*l + 36. What is the units digit of y(7)?
6
Let h be -2 - -3 - (6 + 0). Let m be 2 - h/((-25)/(-30)). Let t = m - -22. What is the tens digit of t?
3
Suppose -4*l + 2*m + 3438 = 0, 1923 + 2352 = 5*l + 2*m. What is the tens digit of l?
5
Let b = 2718 - 1296. What is the hundreds digit of b?
4
Let y be (-90)/20*2/(-3). Let h be (2/y)/((-6)/(-36)). Let x = 14 - h. What is the units digit of x?
0
Let o = -47 + 49. Suppose -3*c + o*s + 595 = -2*s, 2*c - 389 = -5*s. What is the tens digit of c?
9
What is the tens digit of (17/(-5) - 12/(-30)) + 461?
5
Suppose -7700 = -22*l + 17*l. What is the tens digit of l?
4
Let o be (-3)/12*0 - 1. What is the units digit of o/(-3) + 776/12?
5
Suppose l + 4*l = 0. Let b = l + -5. What is the units digit of ((-9)/15)/(1/b)?
3
Let v(f) be the third derivative of f**6/120 - f**5/30 - 5*f**4/24 - 2*f**3/3 + 17*f**2. What is the units digit of v(6)?
0
Let k = -30 + 37. Suppose 0 = k*d - 2*d - 290. What is the units digit of d?
8
Let l(p) = 6*p**2 + 15. What is the hundreds digit of l(5)?
1
Let b(g) = 107 + 10*g - 125 - 13*g. Suppose j = -5*o - 25, -2*o - 2 - 4 = 0. What is the units digit of b(j)?
2
Let x(k) = -4*k. Let q be x(-1). Let s(d) be the third derivative of d**4/2 - d**3/6 - 2*d**2 - 4*d. What is the tens digit of s(q)?
4
Let s be 5/(-5)*(0 + 12). Let g be 651/9 + 4/s. Suppose 0 = k + 3*k - g. What is the tens digit of k?
1
What is the hundreds digit of 0 + 8/(-10)*-5 + 732?
7
Let r = 7 - 6. Suppose j = 2 + r. Suppose j*u - 17 = 13. What is the tens digit of u?
1
Suppose 17*a - 53 = 18*a. Let z = 175 + a. What is the hundreds digit of z?
1
What is the hundreds digit of (4 - 864/(-14))*14?
9
Let d(t) = t**3 - t**2 + t + 4. Let s be d(0). What is the tens digit of s/18 - (-5600)/72?
7
Suppose -5652 = -4*b - s, 89*b + 7065 = 94*b + 5*s. What is the thousands digit of b?
1
Suppose 105 = 6*y + y. What is the tens digit of y?
1
Suppose 2520 = -9*a - 2097. Let g = -319 - a. What is the tens digit of g?
9
Let l = 329 - 47. What is the units digit of l?
2
Let n be -5*(-2)/15*3. Suppose -c - n*g - g + 14 = 0, -4*g = -3*c - 23. What is the units digit of (c - 4)*54/(-15)?
8
Let k(p) = 9*p**3 + 9*p**2 - 19*p - 37. Let v(q) = 4*q**3 + 4*q**2 - 9*q - 18. Let x(u) = 2*k(u) - 5*v(u). What is the tens digit of x(-5)?
8
Let h(m) = -m**2 - 2*m + 9*m**3 + 4*m - m**2 - 2 + 2*m**3. What is the tens digit of h(2)?
8
Suppose -u + 439 - 42 = 0. Suppose 96 - u = -4*f - 5*t, -192 = -3*f + 3*t. What is the units digit of f?
9
What is the tens digit of (-6)/(-3) + 64 - -3?
6
Suppose 3*i = k - 432, -5*i - 2140 = 2*k - 7*k. What is the tens digit of (-5)/(-100)*8 - k/(-10)?
4
Suppose -2*n + 4*n = 28. Suppose -86 + n = 4*k. What is the units digit of 3 + 0 - (k - -6)?
5
Let o = 630 - 336. What is the hundreds digit of o?
2
Suppose 56106 = 9*l - 4041. What is the hundreds digit of l?
6
Let d = 26 + -21. Suppose d*n = -n + 120. What is the units digit of n?
0
Suppose 5 = 2*t - 1, -2*y + 5*t + 791 = 0. What is the tens digit of y?
0
Let l = -14 + 8. Let k be l/(-24) - 47/(-4). What is the units digit of 3 + 3*k/9?
7
Suppose -3189 = -12*k + 5139. What is the tens digit of k?
9
Suppose 48 = -17*h + 21*h. Let q = 42 + h. What is the units digit of q?
4
Let b = 391 + -380. Let r(g) be the third derivative of -g**6/120 + g**5/6 + g**4/2 + 5*g**3/6 - g**2. What is the units digit of r(b)?
6
What is the tens digit of 1/12 + 3*(-73135)/(-180)?
1
Suppose 27*v - 1 = 28*v. What is the units digit of v + 1*3 + -50 + 62?
4
Suppose -2*d = j + 7, -3*d + 3*j - 8*j = 14. Let y be (-1)/d - 224/(-48). Suppose y*a - 100 = 4*v, -2*v = -3*a - v + 53. What is the tens digit of a?
1
Suppose -3*l - 30 = 36. Let i = l - -34. What is the tens digit of (-9)/3*(-124)/i?
3
Let u be 1*207 + (3 - 4). Suppose w - 412 = -3*w + 4*z, 2*w - 5*z - u = 0. What is the hundreds digit of w?
1
Let k(g) be the third derivative of g**6/120 - 7*g**5/60 - 3*g**4/8 + 5*g**3/3 - 4*g**2. Let o be k(8). Suppose f + o = 5. What is the units digit of f?
3
Let z = 582 + -313. What is the hundreds digit of z?
2
Let c(l) = -2*l - 2. Let f be c(-2). Suppose 67 = -19*z - 9. What is the units digit of (-335)/(-10) + f/z?
3
Let k = -32 + 14. Let w be 7 - (-3 - k/3). Suppose 0 = w*a - 86 - 74. What is the units digit of a?
0
Let a = -11 - -8. Let y = -92 - -97. Let f = y + a. What is the units digit of f?
2
Let x(g) = 32*g**2 + 4*g + 2. Let m be x(-2). Let t = -81 + m. Suppose -4*z = -t - 111. What is the tens digit of z?
3
Let g = 814 + 364. What is the hundreds digit of g?
1
Let d(f) = 2*f**2 - 2*f - 6. Let k(p) = p**3 + 7*p**2 - p - 9. Let b be k(-7). Let o be (-36)/(-4) + b*2. What is the units digit of d(o)?
4
Suppose 5*k + 0*b = 4*b + 6352, 4*k = -3*b + 5094. What is the tens digit of k?
7
Let x(m) = 16*m**2 - 2. What is the units digit of x(-4)?
4
Let f(n) = n**2 + 5*n - 3